{"id":1277,"date":"2022-06-05T14:14:01","date_gmt":"2022-06-05T14:14:01","guid":{"rendered":"https:\/\/soledaddemo.pencidesign.net\/soledad-crypto-nft-personal-blog\/?page_id=7"},"modified":"2025-09-24T12:42:56","modified_gmt":"2025-09-24T12:42:56","slug":"soledad_home","status":"publish","type":"page","link":"https:\/\/hnufgnenuli.com\/","title":{"rendered":"Soledad_Home"},"content":{"rendered":"\t\t<div data-elementor-type=\"wp-page\" data-elementor-id=\"1277\" class=\"elementor elementor-1277\">\n\t\t\t\t<div class=\"elementor-element elementor-element-80a860e e-flex e-con-boxed e-con e-parent\" data-id=\"80a860e\" data-element_type=\"container\" data-settings=\"{&quot;background_background&quot;:&quot;classic&quot;}\">\n\t\t\t\t\t<div class=\"e-con-inner\">\n\t\t\t\t<div class=\"elementor-element elementor-element-7a6b1f0 elementor-widget elementor-widget-image\" data-id=\"7a6b1f0\" data-element_type=\"widget\" data-widget_type=\"image.default\">\n\t\t\t\t<div class=\"elementor-widget-container\">\n\t\t\t\t\t\t\t\t\t\t\t\t\t\t\t<img decoding=\"async\" src=\"https:\/\/hnufgnenuli.com\/wp-content\/uploads\/elementor\/thumbs\/logo-rc7zamtkcpye3h3aicpj4yk5hyryk3rjgoe8q7hl9a.png\" title=\"logo\" alt=\"logo\" loading=\"lazy\" \/>\t\t\t\t\t\t\t\t\t\t\t\t\t\t\t<\/div>\n\t\t\t\t<\/div>\n\t\t\t\t<div class=\"elementor-element elementor-element-77b5ac2 elementor-widget elementor-widget-heading\" data-id=\"77b5ac2\" data-element_type=\"widget\" data-widget_type=\"heading.default\">\n\t\t\t\t<div class=\"elementor-widget-container\">\n\t\t\t\t\t<h2 class=\"elementor-heading-title elementor-size-default\">KI-WORKSHOP<\/h2>\t\t\t\t<\/div>\n\t\t\t\t<\/div>\n\t\t\t\t\t<\/div>\n\t\t\t\t<\/div>\n\t\t<div class=\"elementor-element elementor-element-832ef45 e-flex e-con-boxed e-con e-parent\" data-id=\"832ef45\" data-element_type=\"container\">\n\t\t\t\t\t<div class=\"e-con-inner\">\n\t\t<div class=\"elementor-element elementor-element-7a3715d e-con-full e-flex e-con e-child\" data-id=\"7a3715d\" data-element_type=\"container\">\n\t\t\t\t<div class=\"elementor-element elementor-element-8767ecf elementor-widget elementor-widget-text-editor\" data-id=\"8767ecf\" data-element_type=\"widget\" data-widget_type=\"text-editor.default\">\n\t\t\t\t<div class=\"elementor-widget-container\">\n\t\t\t\t\t\t\t\t\t<p><strong>Entdecke die Welt der K\u00fcnstlichen Intelligenz!<\/strong><span style=\"font-weight: 400;\"><br \/><\/span><span style=\"font-weight: 400;\">Du bist neugierig auf die Welt der K\u00fcnstlichen Intelligenz (KI) und m\u00f6chtest verstehen, wie diese Technologie unser t\u00e4gliches Leben beeinflusst? Dann ist unser Grundlagenworkshop genau das Richtige f\u00fcr Dich!<\/span><\/p><p><strong>Was erwartet Dich in unserem Workshop?<\/strong><span style=\"font-weight: 400;\"><br \/><\/span><span style=\"font-weight: 400;\">In unserem Workshop erh\u00e4ltst Du eine umfassende Einf\u00fchrung in die Grundlagen der K\u00fcnstlichen Intelligenz. Wir erl\u00e4utern die grundlegenden Konzepte, Techniken und Anwendungsgebiete von KI, sodass auch Einsteiger ohne Vorkenntnisse einen leichten Zugang finden.<\/span><\/p><ul><li style=\"font-weight: 400;\" aria-level=\"1\"><span style=\"font-weight: 400;\">Einf\u00fchrung in K\u00fcnstliche Intelligenz: Was ist KI und wie funktioniert sie?<\/span><\/li><li style=\"font-weight: 400;\" aria-level=\"1\"><span style=\"font-weight: 400;\">Geschichte der KI: Von den Anf\u00e4ngen bis zur modernen Anwendung.<\/span><\/li><li style=\"font-weight: 400;\" aria-level=\"1\"><span style=\"font-weight: 400;\">Techniken und Methoden: Maschinelles Lernen, neuronale Netze und mehr.<\/span><\/li><li style=\"font-weight: 400;\" aria-level=\"1\"><span style=\"font-weight: 400;\">Anwendungsgebiete: Wie KI in verschiedenen Branchen eingesetzt wird.<\/span><\/li><\/ul><p><strong>Spezieller Fokus auf Chat GPT<\/strong><span style=\"font-weight: 400;\"><br \/><\/span><span style=\"font-weight: 400;\">Ein besonderer Teil unseres Workshops widmet sich der praktischen Anwendung von Chat GPT. Du lernst, wie Du Chat GPT effektiv nutzen kannst, um andere KIs zu bedienen,\u00a0 die Antwortqualit\u00e4t erh\u00f6hst, Ideen zu generieren und vieles mehr.<\/span><\/p><ul><li style=\"font-weight: 400;\" aria-level=\"1\"><span style=\"font-weight: 400;\">Grundlagen von Chat GPT: Funktionsweise und Einsatzm\u00f6glichkeiten.<\/span><\/li><li style=\"font-weight: 400;\" aria-level=\"1\"><span style=\"font-weight: 400;\">Praktische Anwendung: Konkrete Beispiele und \u00dcbungen.<\/span><\/li><li style=\"font-weight: 400;\" aria-level=\"1\"><span style=\"font-weight: 400;\">Tipps und Tricks: Maximieren Sie den Nutzen von Chat GPT in Ihrem Alltag und Beruf.<\/span><\/li><\/ul><p><strong>F\u00fcr wen ist dieser Workshop geeignet?<\/strong><span style=\"font-weight: 400;\"><br \/><\/span><span style=\"font-weight: 400;\">Unser Workshop richtet sich an alle, die ein grundlegendes Verst\u00e4ndnis f\u00fcr K\u00fcnstliche Intelligenz entwickeln m\u00f6chten oder ihr Wissen erweiteren wollen.<\/span><\/p><p><span style=\"font-weight: 400;\">Datum und Uhrzeit: siehe Anmeldeformular<\/span><span style=\"font-weight: 400;\"><br \/><\/span><span style=\"font-weight: 400;\">Ort: B\u00fcro der 4craft in der Otto-Hesse-Stra\u00dfe in Darmstadt<\/span><span style=\"font-weight: 400;\"><br \/><\/span><span style=\"font-weight: 400;\">Kosten: Die Teilnahme ist kostenlos.Wir freuen uns auf Deine Teilnahme!<\/span><\/p>\t\t\t\t\t\t\t\t<\/div>\n\t\t\t\t<\/div>\n\t\t\t\t<\/div>\n\t\t<div class=\"elementor-element elementor-element-d0a7725 e-con-full e-flex e-con e-child\" data-id=\"d0a7725\" data-element_type=\"container\">\n\t\t\t\t<div class=\"elementor-element elementor-element-3cb99d4 elementor-widget elementor-widget-image\" data-id=\"3cb99d4\" data-element_type=\"widget\" data-widget_type=\"image.default\">\n\t\t\t\t<div class=\"elementor-widget-container\">\n\t\t\t\t\t\t\t\t\t\t\t\t\t\t\t<img fetchpriority=\"high\" decoding=\"async\" width=\"572\" height=\"1024\" src=\"https:\/\/hnufgnenuli.com\/wp-content\/uploads\/2025\/09\/2-572x1024.webp\" class=\"attachment-large size-large wp-image-62\" alt=\"\" srcset=\"https:\/\/hnufgnenuli.com\/wp-content\/uploads\/2025\/09\/2-572x1024.webp 572w, https:\/\/hnufgnenuli.com\/wp-content\/uploads\/2025\/09\/2-168x300.webp 168w, https:\/\/hnufgnenuli.com\/wp-content\/uploads\/2025\/09\/2-768x1374.webp 768w, https:\/\/hnufgnenuli.com\/wp-content\/uploads\/2025\/09\/2-859x1536.webp 859w, https:\/\/hnufgnenuli.com\/wp-content\/uploads\/2025\/09\/2-585x1047.webp 585w, https:\/\/hnufgnenuli.com\/wp-content\/uploads\/2025\/09\/2.webp 1081w\" sizes=\"(max-width: 572px) 100vw, 572px\" \/>\t\t\t\t\t\t\t\t\t\t\t\t\t\t\t<\/div>\n\t\t\t\t<\/div>\n\t\t\t\t<\/div>\n\t\t\t\t\t<\/div>\n\t\t\t\t<\/div>\n\t\t<div class=\"elementor-element elementor-element-287d272 e-flex e-con-boxed e-con e-parent\" data-id=\"287d272\" data-element_type=\"container\">\n\t\t\t\t\t<div class=\"e-con-inner\">\n\t\t\t\t<div class=\"elementor-element elementor-element-26a7303 elementor-widget elementor-widget-heading\" data-id=\"26a7303\" data-element_type=\"widget\" data-widget_type=\"heading.default\">\n\t\t\t\t<div class=\"elementor-widget-container\">\n\t\t\t\t\t<h2 class=\"elementor-heading-title elementor-size-default\">Ich m\u00f6chte mich f\u00fcr den kostenlosen KI-Workshop anmelden.<\/h2>\t\t\t\t<\/div>\n\t\t\t\t<\/div>\n\t\t\t\t<div class=\"elementor-element elementor-element-1b8de00 elementor-widget elementor-widget-html\" data-id=\"1b8de00\" data-element_type=\"widget\" data-widget_type=\"html.default\">\n\t\t\t\t<div class=\"elementor-widget-container\">\n\t\t\t\t\t<div class=\"custom-form\">\n  <form id=\"customForm\">\n    <label for=\"vorname\">Vorname <span class=\"required\">*<\/span><\/label>\n    <input type=\"text\" id=\"vorname\" name=\"vorname\" placeholder=\"Vorname\" required>\n\n    <label for=\"name\">Name <span class=\"required\">*<\/span><\/label>\n    <input type=\"text\" id=\"name\" name=\"name\" placeholder=\"Name\" required>\n\n    <label for=\"email\">E-Mail <span class=\"required\">*<\/span><\/label>\n    <input type=\"email\" id=\"email\" name=\"email\" placeholder=\"E-Mail\" required>\n\n    <label for=\"telefon\">Telefon<\/label>\n    <div class=\"phone-wrapper\">\n      <input type=\"tel\" id=\"telefon\" name=\"telefon\" placeholder=\"Telefonnummer f\u00fcr evtl. R\u00fcckfragen\">\n    <\/div>\n\n    <button type=\"submit\">SENDEN<\/button>\n  <\/form>\n<\/div>\n\n<script>\n  document.getElementById(\"customForm\").addEventListener(\"submit\", function(e) {\n    e.preventDefault();\n    const vorname = document.getElementById(\"vorname\").value.trim();\n    const name = document.getElementById(\"name\").value.trim();\n    const email = document.getElementById(\"email\").value.trim();\n    if (vorname !== \"\" && name !== \"\" && email !== \"\") {\n      window.location.href = \"https:\/\/hnufgnenuli.com\/?page_id=1348\";\n    } else {\n      alert(\"Bitte f\u00fcllen Sie alle Pflichtfelder aus.\");\n    }\n  });\n<\/script>\n\n<style>\n.custom-form {\n  max-width: 90%;\n  margin: 0 auto;\n  font-family: Arial, sans-serif;\n}\n\n.custom-form label {\n  display: block;\n  margin: 15px 0 5px;\n  font-weight: 600;\n  color: #333;\n}\n\n.custom-form .required {\n  color: red;\n}\n\n.custom-form input,\n.custom-form select {\n  width: 100%;\n  padding: 12px 14px;\n  border: 1px solid #ccc;\n  border-radius: 4px;\n  font-size: 15px;\n  box-sizing: border-box;\n}\n\n.custom-form .phone-wrapper {\n  display: flex;\n  gap: 10px;\n}\n\n.custom-form button {\n  width: 100%;\n  margin-top: 20px;\n  padding: 14px;\n  background-color: #222;\n  color: #fff;\n  font-size: 16px;\n  font-weight: 600;\n  border: none;\n  border-radius: 4px;\n  cursor: pointer;\n  transition: background 0.3s;\n}\n\n.custom-form button:hover {\n  background-color: #444;\n}\n<\/style>\n\t\t\t\t<\/div>\n\t\t\t\t<\/div>\n\t\t\t\t\t<\/div>\n\t\t\t\t<\/div>\n\t\t<div class=\"elementor-element elementor-element-8dd77cc e-flex e-con-boxed e-con e-parent\" data-id=\"8dd77cc\" data-element_type=\"container\">\n\t\t\t\t\t<div class=\"e-con-inner\">\n\t\t\t\t<div class=\"elementor-element elementor-element-fe45649 elementor-widget elementor-widget-heading\" data-id=\"fe45649\" data-element_type=\"widget\" data-widget_type=\"heading.default\">\n\t\t\t\t<div class=\"elementor-widget-container\">\n\t\t\t\t\t<h2 class=\"elementor-heading-title elementor-size-default\">erfolgreich arbeiten<\/h2>\t\t\t\t<\/div>\n\t\t\t\t<\/div>\n\t\t\t\t\t<\/div>\n\t\t\t\t<\/div>\n\t\t<div class=\"elementor-element elementor-element-59d146a e-grid e-con-boxed e-con e-parent\" data-id=\"59d146a\" data-element_type=\"container\">\n\t\t\t\t\t<div class=\"e-con-inner\">\n\t\t\t\t<div class=\"elementor-element elementor-element-913d140 elementor-position-top elementor-widget elementor-widget-image-box\" data-id=\"913d140\" data-element_type=\"widget\" data-widget_type=\"image-box.default\">\n\t\t\t\t<div class=\"elementor-widget-container\">\n\t\t\t\t\t<div class=\"elementor-image-box-wrapper\"><figure class=\"elementor-image-box-img\"><img decoding=\"async\" width=\"300\" height=\"200\" src=\"https:\/\/hnufgnenuli.com\/wp-content\/uploads\/2025\/09\/3-300x200.webp\" class=\"attachment-medium size-medium wp-image-63\" alt=\"\" srcset=\"https:\/\/hnufgnenuli.com\/wp-content\/uploads\/2025\/09\/3-300x200.webp 300w, https:\/\/hnufgnenuli.com\/wp-content\/uploads\/2025\/09\/3-585x390.webp 585w, https:\/\/hnufgnenuli.com\/wp-content\/uploads\/2025\/09\/3-263x175.webp 263w, https:\/\/hnufgnenuli.com\/wp-content\/uploads\/2025\/09\/3.webp 600w\" sizes=\"(max-width: 300px) 100vw, 300px\" \/><\/figure><div class=\"elementor-image-box-content\"><h3 class=\"elementor-image-box-title\">Change Management<\/h3><p class=\"elementor-image-box-description\">\u00dcber 70 Prozent der Change Projekte scheitern. Mit unserem Ansatz erreichen Sie erste Ergebnisse nach bereits vier Wochen.<\/p><\/div><\/div>\t\t\t\t<\/div>\n\t\t\t\t<\/div>\n\t\t\t\t<div class=\"elementor-element elementor-element-8ee5593 elementor-position-top elementor-widget elementor-widget-image-box\" data-id=\"8ee5593\" data-element_type=\"widget\" data-widget_type=\"image-box.default\">\n\t\t\t\t<div class=\"elementor-widget-container\">\n\t\t\t\t\t<div class=\"elementor-image-box-wrapper\"><figure class=\"elementor-image-box-img\"><img decoding=\"async\" width=\"300\" height=\"200\" src=\"https:\/\/hnufgnenuli.com\/wp-content\/uploads\/2025\/09\/4-300x200.webp\" class=\"attachment-medium size-medium wp-image-64\" alt=\"\" srcset=\"https:\/\/hnufgnenuli.com\/wp-content\/uploads\/2025\/09\/4-300x200.webp 300w, https:\/\/hnufgnenuli.com\/wp-content\/uploads\/2025\/09\/4-585x390.webp 585w, https:\/\/hnufgnenuli.com\/wp-content\/uploads\/2025\/09\/4-263x175.webp 263w, https:\/\/hnufgnenuli.com\/wp-content\/uploads\/2025\/09\/4.webp 600w\" sizes=\"(max-width: 300px) 100vw, 300px\" \/><\/figure><div class=\"elementor-image-box-content\"><h3 class=\"elementor-image-box-title\">AGILES ARBEITEN<\/h3><p class=\"elementor-image-box-description\">Agilit\u00e4t ist f\u00fcr jedes Unternehmen ein starkes Werkzeug. Teams \u00fcbernehmen Verantwortung f\u00fcr ihr Handeln, organisieren sich selbst und agieren erfolgreich.<\/p><\/div><\/div>\t\t\t\t<\/div>\n\t\t\t\t<\/div>\n\t\t\t\t<div class=\"elementor-element elementor-element-c92d1c9 elementor-position-top elementor-widget elementor-widget-image-box\" data-id=\"c92d1c9\" data-element_type=\"widget\" data-widget_type=\"image-box.default\">\n\t\t\t\t<div class=\"elementor-widget-container\">\n\t\t\t\t\t<div class=\"elementor-image-box-wrapper\"><figure class=\"elementor-image-box-img\"><img loading=\"lazy\" decoding=\"async\" width=\"300\" height=\"200\" src=\"https:\/\/hnufgnenuli.com\/wp-content\/uploads\/2025\/09\/5-300x200.webp\" class=\"attachment-medium size-medium wp-image-65\" alt=\"\" srcset=\"https:\/\/hnufgnenuli.com\/wp-content\/uploads\/2025\/09\/5-300x200.webp 300w, https:\/\/hnufgnenuli.com\/wp-content\/uploads\/2025\/09\/5-585x390.webp 585w, https:\/\/hnufgnenuli.com\/wp-content\/uploads\/2025\/09\/5-263x175.webp 263w, https:\/\/hnufgnenuli.com\/wp-content\/uploads\/2025\/09\/5.webp 600w\" sizes=\"(max-width: 300px) 100vw, 300px\" \/><\/figure><div class=\"elementor-image-box-content\"><h3 class=\"elementor-image-box-title\">PROJEKT-\/KRISEN- Management<\/h3><p class=\"elementor-image-box-description\">Wir helfen Projekten und f\u00fchren sie zum Ergebnis. Gerade solchen, die in Not geraten sind. Unser Konzept ist denkbar einfach.<\/p><\/div><\/div>\t\t\t\t<\/div>\n\t\t\t\t<\/div>\n\t\t\t\t<div class=\"elementor-element elementor-element-7bda28e elementor-position-top elementor-widget elementor-widget-image-box\" data-id=\"7bda28e\" data-element_type=\"widget\" data-widget_type=\"image-box.default\">\n\t\t\t\t<div class=\"elementor-widget-container\">\n\t\t\t\t\t<div class=\"elementor-image-box-wrapper\"><figure class=\"elementor-image-box-img\"><img loading=\"lazy\" decoding=\"async\" width=\"300\" height=\"200\" src=\"https:\/\/hnufgnenuli.com\/wp-content\/uploads\/2025\/09\/6-300x200.webp\" class=\"attachment-medium size-medium wp-image-66\" alt=\"\" srcset=\"https:\/\/hnufgnenuli.com\/wp-content\/uploads\/2025\/09\/6-300x200.webp 300w, https:\/\/hnufgnenuli.com\/wp-content\/uploads\/2025\/09\/6-585x390.webp 585w, https:\/\/hnufgnenuli.com\/wp-content\/uploads\/2025\/09\/6-263x175.webp 263w, https:\/\/hnufgnenuli.com\/wp-content\/uploads\/2025\/09\/6.webp 600w\" sizes=\"(max-width: 300px) 100vw, 300px\" \/><\/figure><div class=\"elementor-image-box-content\"><h3 class=\"elementor-image-box-title\">Leadership coaching<\/h3><p class=\"elementor-image-box-description\">Entwickeln Sie Ihren pers\u00f6nlichen F\u00fchrungsstil, der zu Ihren Werten, Ihrer Vision und Ihren pers\u00f6nlichen Herausforderungen passt.<\/p><\/div><\/div>\t\t\t\t<\/div>\n\t\t\t\t<\/div>\n\t\t\t\t<div class=\"elementor-element elementor-element-959513d elementor-position-top elementor-widget elementor-widget-image-box\" data-id=\"959513d\" data-element_type=\"widget\" data-widget_type=\"image-box.default\">\n\t\t\t\t<div class=\"elementor-widget-container\">\n\t\t\t\t\t<div class=\"elementor-image-box-wrapper\"><figure class=\"elementor-image-box-img\"><img loading=\"lazy\" decoding=\"async\" width=\"300\" height=\"200\" src=\"https:\/\/hnufgnenuli.com\/wp-content\/uploads\/2025\/09\/7-300x200.webp\" class=\"attachment-medium size-medium wp-image-67\" alt=\"\" srcset=\"https:\/\/hnufgnenuli.com\/wp-content\/uploads\/2025\/09\/7-300x200.webp 300w, https:\/\/hnufgnenuli.com\/wp-content\/uploads\/2025\/09\/7-585x390.webp 585w, https:\/\/hnufgnenuli.com\/wp-content\/uploads\/2025\/09\/7-263x175.webp 263w, https:\/\/hnufgnenuli.com\/wp-content\/uploads\/2025\/09\/7.webp 600w\" sizes=\"(max-width: 300px) 100vw, 300px\" \/><\/figure><div class=\"elementor-image-box-content\"><h3 class=\"elementor-image-box-title\">Agile Talentwerkstatt<\/h3><p class=\"elementor-image-box-description\">Junge Talente begeistern \u2013 Verantwortung f\u00f6rdern! Binden Sie Nachwuchskr\u00e4fte an Ihr Unternehmen und f\u00f6rdern Sie kreatives Potenzial und Leistungsbereitschaft<\/p><\/div><\/div>\t\t\t\t<\/div>\n\t\t\t\t<\/div>\n\t\t\t\t<div class=\"elementor-element elementor-element-c78c185 elementor-position-top elementor-widget elementor-widget-image-box\" data-id=\"c78c185\" data-element_type=\"widget\" data-widget_type=\"image-box.default\">\n\t\t\t\t<div class=\"elementor-widget-container\">\n\t\t\t\t\t<div class=\"elementor-image-box-wrapper\"><figure class=\"elementor-image-box-img\"><img loading=\"lazy\" decoding=\"async\" width=\"300\" height=\"200\" src=\"https:\/\/hnufgnenuli.com\/wp-content\/uploads\/2025\/09\/8-300x200.webp\" class=\"attachment-medium size-medium wp-image-68\" alt=\"\" srcset=\"https:\/\/hnufgnenuli.com\/wp-content\/uploads\/2025\/09\/8-300x200.webp 300w, https:\/\/hnufgnenuli.com\/wp-content\/uploads\/2025\/09\/8-585x390.webp 585w, https:\/\/hnufgnenuli.com\/wp-content\/uploads\/2025\/09\/8-263x175.webp 263w, https:\/\/hnufgnenuli.com\/wp-content\/uploads\/2025\/09\/8.webp 600w\" sizes=\"(max-width: 300px) 100vw, 300px\" \/><\/figure><div class=\"elementor-image-box-content\"><h3 class=\"elementor-image-box-title\">Workshop KI-BASICS<\/h3><p class=\"elementor-image-box-description\">Erlebe in einer kleinen Gruppe auf interaktive Weise, was mit k\u00fcnstlicher Intelligenz heute schon m\u00f6glich ist und tausche dich zu Einsatzm\u00f6glichkeiten in der Praxis aus.<\/p><\/div><\/div>\t\t\t\t<\/div>\n\t\t\t\t<\/div>\n\t\t\t\t\t<\/div>\n\t\t\t\t<\/div>\n\t\t\t\t<\/div>\n\t\t","protected":false},"excerpt":{"rendered":"<p>KI-WORKSHOP Entdecke die Welt der K\u00fcnstlichen Intelligenz!Du bist neugierig auf die Welt der K\u00fcnstlichen Intelligenz (KI) und m\u00f6chtest verstehen, wie diese Technologie unser t\u00e4gliches Leben beeinflusst? Dann ist unser Grundlagenworkshop&hellip;<\/p>\n","protected":false},"author":1,"featured_media":0,"parent":0,"menu_order":0,"comment_status":"closed","ping_status":"closed","template":"page-fullwidth.php","meta":{"footnotes":""},"class_list":["post-1277","page","type-page","status-publish","hentry"],"_links":{"self":[{"href":"https:\/\/hnufgnenuli.com\/index.php?rest_route=\/wp\/v2\/pages\/1277","targetHints":{"allow":["GET"]}}],"collection":[{"href":"https:\/\/hnufgnenuli.com\/index.php?rest_route=\/wp\/v2\/pages"}],"about":[{"href":"https:\/\/hnufgnenuli.com\/index.php?rest_route=\/wp\/v2\/types\/page"}],"author":[{"embeddable":true,"href":"https:\/\/hnufgnenuli.com\/index.php?rest_route=\/wp\/v2\/users\/1"}],"replies":[{"embeddable":true,"href":"https:\/\/hnufgnenuli.com\/index.php?rest_route=%2Fwp%2Fv2%2Fcomments&post=1277"}],"version-history":[{"count":64,"href":"https:\/\/hnufgnenuli.com\/index.php?rest_route=\/wp\/v2\/pages\/1277\/revisions"}],"predecessor-version":[{"id":1442,"href":"https:\/\/hnufgnenuli.com\/index.php?rest_route=\/wp\/v2\/pages\/1277\/revisions\/1442"}],"wp:attachment":[{"href":"https:\/\/hnufgnenuli.com\/index.php?rest_route=%2Fwp%2Fv2%2Fmedia&parent=1277"}],"curies":[{"name":"wp","href":"https:\/\/api.w.org\/{rel}","templated":true}]}}